{"id":4500,"date":"2022-10-17T18:15:36","date_gmt":"2022-10-17T16:15:36","guid":{"rendered":"https:\/\/www.mdtel.es\/tech\/?page_id=4500"},"modified":"2024-06-26T08:42:47","modified_gmt":"2024-06-26T06:42:47","slug":"politica-de-cookies","status":"publish","type":"page","link":"https:\/\/www.mdtel.es\/tech\/empresa\/politica-de-cookies\/","title":{"rendered":"Politica de Cookies"},"content":{"rendered":"<p>[et_pb_section fb_built=\u00bb1&#8243; _builder_version=\u00bb4.18.0&#8243; _module_preset=\u00bbdefault\u00bb global_colors_info=\u00bb{}\u00bb][et_pb_row _builder_version=\u00bb4.20.4&#8243; _module_preset=\u00bbdefault\u00bb custom_margin=\u00bb||||false|false\u00bb global_colors_info=\u00bb{}\u00bb][et_pb_column type=\u00bb4_4&#8243; _builder_version=\u00bb4.18.0&#8243; _module_preset=\u00bbdefault\u00bb global_colors_info=\u00bb{}\u00bb][et_pb_text _builder_version=\u00bb4.19.1&#8243; _module_preset=\u00bbdefault\u00bb text_font=\u00bb|300|||||||\u00bb text_line_height=\u00bb1.6em\u00bb header_font_size=\u00bb20px\u00bb global_colors_info=\u00bb{}\u00bb]<\/p>\n<h1><strong><span style=\"color: #808080;\">Pol\u00edtica de Cookies de <span style=\"color: #0c71c3;\"><em>md<\/em><\/span><span style=\"color: #000000;\">tel<\/span><\/span><\/strong><\/h1>\n<h1><strong><\/strong><\/h1>\n<p><strong><\/strong><\/p>\n<p><strong>\u00bfQu\u00e9 son las cookies?<\/strong><\/p>\n<p><strong>Las cookies son ficheros que se descargan en su ordenador al acceder a determinadas p\u00e1ginas web.<\/strong> Las cookies permiten a una p\u00e1gina web, entre otras cosas, almacenar y recuperar informaci\u00f3n sobre los h\u00e1bitos de navegaci\u00f3n de un usuario o de su equipo y, dependiendo de la informaci\u00f3n que contengan y de la forma en que utilice su equipo, pueden utilizarse para reconocer al usuario.<\/p>\n<p><strong>Utilizamos cookies propias y de terceros para mejorar nuestros servicios<\/strong>, las cookies empleadas en el Portal por s\u00ed mismas no revelan informaci\u00f3n personal. Su finalidad anal\u00edtica emplea identificadores, incluida la IP, con la exclusiva finalidad de identificar el n\u00famero de visitantes \u00fanicos a la web, su origen geogr\u00e1fico o su tendencia de uso web, pero no identifican personalmente al Usuario.<\/p>\n<p>AL ACEPTAR EL USO DE COOKIES, EL USUARIO CONSIENTE LA DESCARGA DE LAS COOKIES Y\/O TECNOLOG\u00cdAS SIMILARES, EN EL DISPOSITIVO EN CASO DE ENCONTARSE HABILITADA LA CORRESPONDIENTE OPCI\u00d3N.<\/p>\n<p><strong>Tipos de cookies<\/strong><\/p>\n<p>Seg\u00fan la <strong>finalidad<\/strong> perseguida:<\/p>\n<ul>\n<li><strong>Cookies t\u00e9cnicas<\/strong>. Son aqu\u00e9llas que permiten al usuario la navegaci\u00f3n a trav\u00e9s de una p\u00e1gina web, plataforma o aplicaci\u00f3n y la utilizaci\u00f3n de las diferentes opciones o servicios que en ella existan como, por ejemplo, controlar el tr\u00e1fico y la comunicaci\u00f3n de datos, identificar la sesi\u00f3n, acceder a partes de acceso restringido, recordar los elementos que integran un pedido, realizar el proceso de compra de un pedido, realizar la solicitud de inscripci\u00f3n o participaci\u00f3n en un evento, utilizar elementos de seguridad durante la navegaci\u00f3n, almacenar contenidos para la difusi\u00f3n de videos o sonido o compartir contenidos a trav\u00e9s de redes sociales.<\/li>\n<li><strong>Cookies de geolocalizaci\u00f3n.<\/strong> Se utilizan para saber en qu\u00e9 lugar se encuentra un usuario cuando solicita un servicio. Esta cookie es an\u00f3nima y se usa por ejemplo cuando un usuario busca la oficina m\u00e1s cercana al lugar donde se encuentra en ese momento o para ofrecerle la informaci\u00f3n adecuada dependiendo del pa\u00eds en el que se encuentre.<\/li>\n<li><strong>Cookies de personalizaci\u00f3n.<\/strong> Son aqu\u00e9llas que permiten al usuario acceder al servicio con algunas caracter\u00edsticas de car\u00e1cter general predefinidas en funci\u00f3n de una serie de criterios en el terminal del usuario como por ejemplo serian el idioma, el tipo de navegador a trav\u00e9s del cual accede al servicio, la configuraci\u00f3n regional desde donde accede al servicio, etc.<\/li>\n<li><strong>Cookies de an\u00e1lisis.<\/strong> Son aqu\u00e9llas que, tratadas por nosotros o por terceros, nos permiten cuantificar el n\u00famero de usuarios y as\u00ed realizar la medici\u00f3n y an\u00e1lisis estad\u00edstico de la utilizaci\u00f3n que hacen los usuarios del servicio ofertado. Para ello se analiza su navegaci\u00f3n en nuestra p\u00e1gina web con el fin de mejorar la oferta de productos o servicios que le ofrecemos.<\/li>\n<li><strong>Cookies publicitarias.<\/strong> Son aqu\u00e9llas que, tratadas por nosotros o por terceros, nos permiten gestionar de la forma m\u00e1s eficaz posible la oferta de los espacios publicitarios que hay en la p\u00e1gina web, adecuando el contenido del anuncio al contenido del servicio solicitado o al uso que realice de nuestra p\u00e1gina web. Para ello podemos analizar sus h\u00e1bitos de navegaci\u00f3n en Internet y podemos mostrarle publicidad relacionada con su perfil de navegaci\u00f3n.<\/li>\n<\/ul>\n<p>En funci\u00f3n de su <strong>duraci\u00f3n<\/strong> las cookies pueden ser:<\/p>\n<ul>\n<li><strong>De sesi\u00f3n.<\/strong> Son un tipo de cookies dise\u00f1adas para recabar y almacenar datos mientras el usuario accede a una p\u00e1gina web. Estas cookies no quedan almacenadas en el ordenador del usuario cuando caduca la sesi\u00f3n o este cierra el navegador.<\/li>\n<li><strong>Persistentes<\/strong>. Son un tipo de cookies en el que los datos siguen almacenados en el ordenador del usuario y pueden ser accedidos y tratados cuando el usuario abandona la p\u00e1gina Web y cuando se vuelva a conectar a ella. Estas cookies pueden ser borradas en cualquier momento por el Usuario.<\/li>\n<\/ul>\n<p>Las cookies que utilizamos en nuestra web son las siguientes:<\/p>\n<p>[\/et_pb_text][et_pb_text _builder_version=\u00bb4.25.2&#8243; _module_preset=\u00bbdefault\u00bb text_font=\u00bb|300|||||||\u00bb text_line_height=\u00bb1.6em\u00bb header_font_size=\u00bb20px\u00bb hover_enabled=\u00bb0&#8243; global_colors_info=\u00bb{}\u00bb sticky_enabled=\u00bb0&#8243;]<\/p>\n<table width=\"564\">\n<thead>\n<tr>\n<td colspan=\"3\" width=\"564\"><strong>COOKIES PROPIAS<\/strong><\/td>\n<\/tr>\n<\/thead>\n<tbody>\n<tr>\n<td>Tipo<\/td>\n<td width=\"405\">Nombre<\/td>\n<td>Duraci\u00f3n<\/td>\n<\/tr>\n<tr>\n<td>T\u00e9cnica<\/td>\n<td width=\"405\">cookie_notice_accepted<\/td>\n<td>sesi\u00f3n<\/td>\n<\/tr>\n<tr>\n<td>T\u00e9cnica<\/td>\n<td width=\"405\">googtrans<\/td>\n<td>sesi\u00f3n<\/td>\n<\/tr>\n<\/tbody>\n<\/table>\n<table width=\"564\">\n<thead>\n<tr>\n<td colspan=\"3\" width=\"564\"><strong>COOKIES DE TERCEROS<\/strong><\/td>\n<\/tr>\n<\/thead>\n<tbody>\n<tr>\n<td>Tipo<\/td>\n<td width=\"405\">Nombre<\/td>\n<td>Duraci\u00f3n<\/td>\n<\/tr>\n<tr>\n<td>T\u00e9cnica<\/td>\n<td width=\"405\">CONSENT<\/td>\n<td>1 a\u00f1o<\/td>\n<\/tr>\n<tr>\n<td>T\u00e9cnica<\/td>\n<td width=\"405\">NID<\/td>\n<td>6 meses<\/td>\n<\/tr>\n<tr>\n<td>anal\u00edtica<\/td>\n<td width=\"405\">_GRECAPTCHA<\/td>\n<td>6 meses<\/td>\n<\/tr>\n<\/tbody>\n<\/table>\n<p>En las cookies de terceros los procedimientos est\u00e1n gestionados y controlados exclusivamente por cada proveedor:<\/p>\n<p>\u2022 <strong>Google<\/strong>: <a href=\"https:\/\/policies.google.com\/privacy?hl=es\" target=\"_blank\" rel=\"noopener\">https:\/\/policies.google.com\/privacy?hl=es<\/a><\/p>\n<p>[\/et_pb_text][et_pb_text _builder_version=\u00bb4.19.1&#8243; _module_preset=\u00bbdefault\u00bb text_font=\u00bb|300|||||||\u00bb text_line_height=\u00bb1.6em\u00bb header_font_size=\u00bb20px\u00bb global_colors_info=\u00bb{}\u00bb]<\/p>\n<p><strong>Desactivar cookies<\/strong><\/p>\n<p>El usuario puede en cualquier momento permitir, bloquear o eliminar las cookies instaladas en su equipo mediante la modificaci\u00f3n de los par\u00e1metros de configuraci\u00f3n del navegador instalado en su ordenador:<\/p>\n<ul>\n<li><a href=\"https:\/\/support.google.com\/chrome\/answer\/95647\" target=\"_blank\" rel=\"noopener\">Chrome<\/a><\/li>\n<li><a href=\"https:\/\/support.microsoft.com\/es-es\/windows\" target=\"_blank\" rel=\"noopener\">Explorer<\/a><\/li>\n<li><a href=\"https:\/\/support.mozilla.org\/es\/kb\/habilitar-y-deshabilitar-cookies-sitios-web-rastrear-preferencias?redirectslug=habilitar-y-deshabilitar-cookies-que-los-sitios-we&amp;redirectlocale=es\" target=\"_blank\" rel=\"noopener\">Firefox<\/a><\/li>\n<li><a href=\"https:\/\/support.apple.com\/es-es\/guide\/safari\/sfri11471\/mac\" target=\"_blank\" rel=\"noopener\">Safari<\/a><\/li>\n<\/ul>\n<p><strong>Actualizaci\u00f3n de la Pol\u00edtica de Cookies<\/strong><\/p>\n<p><em><span style=\"color: #144f9b;\"><strong>md<\/strong><\/span><\/em><span style=\"color: #000000;\">tel<\/span> podr\u00e1 modificar la presente pol\u00edtica de cookies cuando as\u00ed lo exija la legislaci\u00f3n vigente en cada momento o cuando hubiera alguna variaci\u00f3n en el tipo de cookies utilizadas en el sitio web.<\/p>\n<p>[\/et_pb_text][\/et_pb_column][\/et_pb_row][\/et_pb_section]<\/p>\n","protected":false},"excerpt":{"rendered":"<p>Pol\u00edtica de Cookies de mdtel \u00bfQu\u00e9 son las cookies? Las cookies son ficheros que se descargan en su ordenador al acceder a determinadas p\u00e1ginas web. Las cookies permiten a una p\u00e1gina web, entre otras cosas, almacenar y recuperar informaci\u00f3n sobre los h\u00e1bitos de navegaci\u00f3n de un usuario o de su equipo y, dependiendo de la [&hellip;]<\/p>\n","protected":false},"author":3,"featured_media":0,"parent":2783,"menu_order":0,"comment_status":"closed","ping_status":"closed","template":"","meta":{"_et_pb_use_builder":"on","_et_pb_old_content":"","_et_gb_content_width":"1080","footnotes":""},"class_list":["post-4500","page","type-page","status-publish","hentry"],"yoast_head":"<!-- This site is optimized with the Yoast SEO plugin v24.3 - https:\/\/yoast.com\/wordpress\/plugins\/seo\/ -->\n<title>Politica de Cookies | mdtel<\/title>\n<meta name=\"description\" content=\"Politica de Cookies de la web de mdtel\" \/>\n<meta name=\"robots\" content=\"index, follow, max-snippet:-1, max-image-preview:large, max-video-preview:-1\" \/>\n<link rel=\"canonical\" href=\"https:\/\/www.mdtel.es\/tech\/empresa\/politica-de-cookies\/\" \/>\n<meta property=\"og:locale\" content=\"es_ES\" \/>\n<meta property=\"og:type\" content=\"article\" \/>\n<meta property=\"og:title\" content=\"Politica de Cookies | mdtel\" \/>\n<meta property=\"og:description\" content=\"Politica de Cookies de la web de mdtel\" \/>\n<meta property=\"og:url\" content=\"https:\/\/www.mdtel.es\/tech\/empresa\/politica-de-cookies\/\" \/>\n<meta property=\"og:site_name\" content=\"mdtel\" \/>\n<meta property=\"article:modified_time\" content=\"2024-06-26T06:42:47+00:00\" \/>\n<meta name=\"twitter:card\" content=\"summary_large_image\" \/>\n<meta name=\"twitter:label1\" content=\"Tiempo de lectura\" \/>\n\t<meta name=\"twitter:data1\" content=\"4 minutos\" \/>\n<script type=\"application\/ld+json\" class=\"yoast-schema-graph\">{\"@context\":\"https:\/\/schema.org\",\"@graph\":[{\"@type\":\"WebPage\",\"@id\":\"https:\/\/www.mdtel.es\/tech\/empresa\/politica-de-cookies\/\",\"url\":\"https:\/\/www.mdtel.es\/tech\/empresa\/politica-de-cookies\/\",\"name\":\"Politica de Cookies | mdtel\",\"isPartOf\":{\"@id\":\"https:\/\/www.mdtel.es\/tech\/#website\"},\"datePublished\":\"2022-10-17T16:15:36+00:00\",\"dateModified\":\"2024-06-26T06:42:47+00:00\",\"description\":\"Politica de Cookies de la web de mdtel\",\"breadcrumb\":{\"@id\":\"https:\/\/www.mdtel.es\/tech\/empresa\/politica-de-cookies\/#breadcrumb\"},\"inLanguage\":\"es\",\"potentialAction\":[{\"@type\":\"ReadAction\",\"target\":[\"https:\/\/www.mdtel.es\/tech\/empresa\/politica-de-cookies\/\"]}]},{\"@type\":\"BreadcrumbList\",\"@id\":\"https:\/\/www.mdtel.es\/tech\/empresa\/politica-de-cookies\/#breadcrumb\",\"itemListElement\":[{\"@type\":\"ListItem\",\"position\":1,\"name\":\"Empresa\",\"item\":\"https:\/\/www.mdtel.es\/tech\/empresa\/\"},{\"@type\":\"ListItem\",\"position\":2,\"name\":\"Politica de Cookies\"}]},{\"@type\":\"WebSite\",\"@id\":\"https:\/\/www.mdtel.es\/tech\/#website\",\"url\":\"https:\/\/www.mdtel.es\/tech\/\",\"name\":\"mdtel\",\"description\":\"Telecomunicaciones para empresas\",\"publisher\":{\"@id\":\"https:\/\/www.mdtel.es\/tech\/#organization\"},\"alternateName\":\"Telecomunicaciones para empresas\",\"potentialAction\":[{\"@type\":\"SearchAction\",\"target\":{\"@type\":\"EntryPoint\",\"urlTemplate\":\"https:\/\/www.mdtel.es\/tech\/?s={search_term_string}\"},\"query-input\":{\"@type\":\"PropertyValueSpecification\",\"valueRequired\":true,\"valueName\":\"search_term_string\"}}],\"inLanguage\":\"es\"},{\"@type\":\"Organization\",\"@id\":\"https:\/\/www.mdtel.es\/tech\/#organization\",\"name\":\"mdtel\",\"alternateName\":\"Telecomunicaciones para empresas\",\"url\":\"https:\/\/www.mdtel.es\/tech\/\",\"logo\":{\"@type\":\"ImageObject\",\"inLanguage\":\"es\",\"@id\":\"https:\/\/www.mdtel.es\/tech\/#\/schema\/logo\/image\/\",\"url\":\"https:\/\/www.mdtel.es\/tech\/wp-content\/uploads\/2022\/11\/logo-mdtel.png\",\"contentUrl\":\"https:\/\/www.mdtel.es\/tech\/wp-content\/uploads\/2022\/11\/logo-mdtel.png\",\"width\":177,\"height\":83,\"caption\":\"mdtel\"},\"image\":{\"@id\":\"https:\/\/www.mdtel.es\/tech\/#\/schema\/logo\/image\/\"},\"sameAs\":[\"https:\/\/es.linkedin.com\/company\/mdtelsa\"]}]}<\/script>\n<!-- \/ Yoast SEO plugin. -->","yoast_head_json":{"title":"Politica de Cookies | mdtel","description":"Politica de Cookies de la web de mdtel","robots":{"index":"index","follow":"follow","max-snippet":"max-snippet:-1","max-image-preview":"max-image-preview:large","max-video-preview":"max-video-preview:-1"},"canonical":"https:\/\/www.mdtel.es\/tech\/empresa\/politica-de-cookies\/","og_locale":"es_ES","og_type":"article","og_title":"Politica de Cookies | mdtel","og_description":"Politica de Cookies de la web de mdtel","og_url":"https:\/\/www.mdtel.es\/tech\/empresa\/politica-de-cookies\/","og_site_name":"mdtel","article_modified_time":"2024-06-26T06:42:47+00:00","twitter_card":"summary_large_image","twitter_misc":{"Tiempo de lectura":"4 minutos"},"schema":{"@context":"https:\/\/schema.org","@graph":[{"@type":"WebPage","@id":"https:\/\/www.mdtel.es\/tech\/empresa\/politica-de-cookies\/","url":"https:\/\/www.mdtel.es\/tech\/empresa\/politica-de-cookies\/","name":"Politica de Cookies | mdtel","isPartOf":{"@id":"https:\/\/www.mdtel.es\/tech\/#website"},"datePublished":"2022-10-17T16:15:36+00:00","dateModified":"2024-06-26T06:42:47+00:00","description":"Politica de Cookies de la web de mdtel","breadcrumb":{"@id":"https:\/\/www.mdtel.es\/tech\/empresa\/politica-de-cookies\/#breadcrumb"},"inLanguage":"es","potentialAction":[{"@type":"ReadAction","target":["https:\/\/www.mdtel.es\/tech\/empresa\/politica-de-cookies\/"]}]},{"@type":"BreadcrumbList","@id":"https:\/\/www.mdtel.es\/tech\/empresa\/politica-de-cookies\/#breadcrumb","itemListElement":[{"@type":"ListItem","position":1,"name":"Empresa","item":"https:\/\/www.mdtel.es\/tech\/empresa\/"},{"@type":"ListItem","position":2,"name":"Politica de Cookies"}]},{"@type":"WebSite","@id":"https:\/\/www.mdtel.es\/tech\/#website","url":"https:\/\/www.mdtel.es\/tech\/","name":"mdtel","description":"Telecomunicaciones para empresas","publisher":{"@id":"https:\/\/www.mdtel.es\/tech\/#organization"},"alternateName":"Telecomunicaciones para empresas","potentialAction":[{"@type":"SearchAction","target":{"@type":"EntryPoint","urlTemplate":"https:\/\/www.mdtel.es\/tech\/?s={search_term_string}"},"query-input":{"@type":"PropertyValueSpecification","valueRequired":true,"valueName":"search_term_string"}}],"inLanguage":"es"},{"@type":"Organization","@id":"https:\/\/www.mdtel.es\/tech\/#organization","name":"mdtel","alternateName":"Telecomunicaciones para empresas","url":"https:\/\/www.mdtel.es\/tech\/","logo":{"@type":"ImageObject","inLanguage":"es","@id":"https:\/\/www.mdtel.es\/tech\/#\/schema\/logo\/image\/","url":"https:\/\/www.mdtel.es\/tech\/wp-content\/uploads\/2022\/11\/logo-mdtel.png","contentUrl":"https:\/\/www.mdtel.es\/tech\/wp-content\/uploads\/2022\/11\/logo-mdtel.png","width":177,"height":83,"caption":"mdtel"},"image":{"@id":"https:\/\/www.mdtel.es\/tech\/#\/schema\/logo\/image\/"},"sameAs":["https:\/\/es.linkedin.com\/company\/mdtelsa"]}]}},"_links":{"self":[{"href":"https:\/\/www.mdtel.es\/tech\/wp-json\/wp\/v2\/pages\/4500","targetHints":{"allow":["GET"]}}],"collection":[{"href":"https:\/\/www.mdtel.es\/tech\/wp-json\/wp\/v2\/pages"}],"about":[{"href":"https:\/\/www.mdtel.es\/tech\/wp-json\/wp\/v2\/types\/page"}],"author":[{"embeddable":true,"href":"https:\/\/www.mdtel.es\/tech\/wp-json\/wp\/v2\/users\/3"}],"replies":[{"embeddable":true,"href":"https:\/\/www.mdtel.es\/tech\/wp-json\/wp\/v2\/comments?post=4500"}],"version-history":[{"count":14,"href":"https:\/\/www.mdtel.es\/tech\/wp-json\/wp\/v2\/pages\/4500\/revisions"}],"predecessor-version":[{"id":9649,"href":"https:\/\/www.mdtel.es\/tech\/wp-json\/wp\/v2\/pages\/4500\/revisions\/9649"}],"up":[{"embeddable":true,"href":"https:\/\/www.mdtel.es\/tech\/wp-json\/wp\/v2\/pages\/2783"}],"wp:attachment":[{"href":"https:\/\/www.mdtel.es\/tech\/wp-json\/wp\/v2\/media?parent=4500"}],"curies":[{"name":"wp","href":"https:\/\/api.w.org\/{rel}","templated":true}]}}